- (-1 + -1807)?
2, 3, 5
Let m = 9 + -12. Let y be 14/(-4) + m/6. Let d = 29 + y. List the prime factors of d.
5
Suppose -7*n = 3*n. List the prime factors of (1/(-1) - n) + 47.
2, 23
Let v(k) be the first derivative of k**4/2 - k**3/3 + 6*k + 3. What are the prime factors of v(3)?
3, 17
Suppose 5 = t + 4. Let d(w) = -w**2 - 6*w - 6. Let k be d(-4). What are the prime factors of (k - (-69)/3)*t?
5
Let b be 33*6/18*4. List the prime factors of 0 - (-11)/(b/144).
2, 3
Let g(m) = -8*m - 5. Let k be g(-1). Suppose -k*z + 118 = -14. What are the prime factors of z?
2, 11
Suppose -5*r + 195 = -245. Suppose -5*s = 5*v - 390, 3*v + s = r + 148. List the prime factors of v.
79
Let a(u) = u**2 + 7*u + 12. Let z be a(-5). Suppose 0 = 4*k - 0*x - z*x - 24, 0 = k - 5*x - 15. Suppose -k*o = -4*o - 6. What are the prime factors of o?
2, 3
Let s(y) be the first derivative of y**3/3 - y**2 - y + 6. Let x be s(-1). Suppose 0*t = 2*t + 4*u - 52, -x*u = 4*t - 86. List the prime factors of t.
2, 5
Suppose -2*x + 5*g = -4, x + 4*g = 2 - 0. Suppose -2*p - 30 - x = 0. What are the prime factors of (p - 1)/(-4 + 3)?
17
Let y = -11 + 10. Let a = 75 - y. Let u = -44 + a. List the prime factors of u.
2
Suppose 2*m - 16 = -2*l - 0, -2*l = -3*m + 4. Suppose -4*x - 5*v = -23, 2*x - l*v + 8 = -0*v. Suppose -x*i + 6 = -0*i. List the prime factors of i.
3
Let y(o) be the first derivative of o**4/4 + 13*o**3/3 - 13*o**2/2 + 29*o + 7. List the prime factors of y(-14).
3, 5
Suppose 6*c = 21*c - 2595. What are the prime factors of c?
173
Let w(h) = -2 + 8*h**2 - 2*h - 5 + 0*h + h**2 - h**3. List the prime factors of w(8).
41
Let h = 270 + 521. What are the prime factors of h?
7, 113
Let o = -27 - -28. What are the prime factors of (o/(-3))/(13/(-2457))?
3, 7
Suppose 57*d = 48*d + 2898. List the prime factors of d.
2, 7, 23
Suppose -14 = 4*r + 2*l, 0 = 5*r - 0*r + 3*l + 17. Let i be r*(9/3 - 8). Suppose -3*b + 109 + i = 0. List the prime factors of b.
43
Let x(n) be the third derivative of n**5/30 + 8*n**3/3 + n**2. Let m be x(0). Let k = m - 8. What are the prime factors of k?
2
Suppose -j = 5*s + 17, -4*s + 0*s + 4*j - 4 = 0. Let m(t) = -t - 3*t - 3 - 3. List the prime factors of m(s).
2, 3
Let t(y) = -2*y**3 - 5*y**2 - 7*y + 3. Let s(j) = -3*j**3 - 11*j**2 - 13*j + 6. Let k(z) = -3*s(z) + 5*t(z). List the prime factors of k(4).
7, 11
Suppose -9*n + 2985 + 1731 = 0. List the prime factors of n.
2, 131
Let s(z) = -z**3 + 2*z**2 + 2*z - 4. Let x be s(2). Suppose -16*p + 20*p - 288 = x. What are the prime factors of p?
2, 3
Suppose -5*x = 4*t - 13912, 61*x - 66*x + 13906 = 2*t. What are the prime factors of x?
2, 5, 139
Let u = -17 + -9. Let q = u + 42. List the prime factors of q.
2
Let o(j) = -6*j + 3. Let d(x) = -5*x + 2. Let h(f) = 4*d(f) - 3*o(f). Let w be h(3). Let i = -4 - w. List the prime factors of i.
3
Let b(u) = -u**3 + 11*u**2 - 9*u - 1. Suppose 10*c = 5*c. Let n(s) = s + 10. Let a be n(c). List the prime factors of b(a).
3
Let l = -97 - -283. What are the prime factors of l?
2, 3, 31
Suppose -3*r + 6 = b - 2*r, -b + 3*r - 2 = 0. Let f(y) = y**3 + 2*y**2 + 2*y + 1. Let p be f(-2). List the prime factors of b/(-10)*(p - 62).
2, 13
Let a be -12*(166/(-8) + -2). Suppose 5*t - 2*t + 2*y = 155, 5*t = 4*y + a. List the prime factors of t.
53
Let t(a) = 22*a**3 + 2*a**2 - 2*a - 1. What are the prime factors of t(4)?
3, 53
Suppose -2*b + 344 = y, -4*y + 391 + 115 = 3*b. Let w(h) = h**3 + 4*h**2 - h. Let c be w(4). Let z = b - c. List the prime factors of z.
2, 5
Let f(a) = -a**2 - 4*a + 19. Let g be f(-6). Suppose g*m - 17*m + 1350 = 0. List the prime factors of m.
3, 5
Let k(p) = p**2 + 9*p + 3. Let b be k(-9). Suppose 0 = j - b - 0. Suppose 12 = j*h, -2*h - 2 = -5*r + 5. List the prime factors of r.
3
Suppose 0 = -4*p + 16 + 20. Let f = 2 - 5. What are the prime factors of (-750)/(-18) - f/p?
2, 3, 7
Suppose c + c + n = -23, c = -n - 9. Let u = c - -14. Suppose 0*q - 5*q + 45 = u. List the prime factors of q.
3
Let b = 796 + 343. What are the prime factors of b?
17, 67
What are the prime factors of 14245/(-10)*84/(-49)?
2, 3, 11, 37
Suppose 4*n - 2133 = -3*y, 2*n - 3*y - 1584 = -n. List the prime factors of n.
3, 59
Let l(d) = -d**3 + 21*d**2 - 21*d + 21. Let f be l(20). What are the prime factors of (-2 - f) + (122 - 3)?
2, 29
Let r(z) = z**3 - 36*z + 6. Let m be r(6). Let j(y) = y**2 - y + 120. Let g be j(0). Suppose 0 = -2*u + m*u - g. What are the prime factors of u?
2, 3, 5
Suppose 66 = c - 554. List the prime factors of c.
2, 5, 31
Let n(u) = -10*u - 19. What are the prime factors of n(-3)?
11
Suppose -4*i = -8*v + 11*v - 4568, 8 = -2*v. List the prime factors of i.
5, 229
Suppose o - 4*o + q = -25, 4*o + q - 38 = 0. What are the prime factors of (-3)/o + 146/6?
2, 3
Let b(g) = 5*g - 5*g - 4 - 2*g**2 + 3*g**2. Let n be b(10). Suppose -2*k - 18 = -n. List the prime factors of k.
3, 13
Let q = 330 + 61. Let d = q + -275. List the prime factors of d.
2, 29
Suppose -l = 5*n + 4, -4*n - 4*l - 14 - 2 = 0. List the prime factors of -4 + (-375)/(-5) + n.
71
Suppose -81 = -c + 5*w + 343, -3*w + 12 = 0. What are the prime factors of c?
2, 3, 37
Suppose 2*w = 7*w - 190. List the prime factors of w.
2, 19
Let u(k) = k**3 - 5*k + 2. Let w be u(2). Suppose 5*h = 5, w*b - 4*b + h + 15 = 0. Let c(r) = 3*r + 11. List the prime factors of c(b).
23
Let g = -2502 - -4205. List the prime factors of g.
13, 131
What are the prime factors of (-657)/(-12) + (-26)/(-104)?
5, 11
Suppose -5*a = -5*k, -a + 6 + 0 = 2*k. Suppose 148 = a*l + r - 3*r, -5*l = 3*r - 330. List the prime factors of l.
3, 23
Let r(o) = -o**3 - 8*o**2 - 7*o - 19. Let s(z) = -2*z**3 - 17*z**2 - 14*z - 37. Let j(u) = 7*r(u) - 4*s(u). List the prime factors of j(-10).
5, 29
Let f be 164/4 + -3 + 2. What are the prime factors of 1250/f + (-2)/8?
31
Let r = 6 + -4. Suppose 0 = -2*i + 3*z, -8*z = -r*i - 3*z. Suppose p + 31 = 3*d - i, -d = 4*p - 6. What are the prime factors of d?
2, 5
Suppose 3*y - 2 = 4. Suppose -264 = -6*i + y*i. What are the prime factors of i?
2, 3, 11
Let q(p) = 3*p**3 + 4*p**2 + p - 6. Let k(j) = -5*j**3 - 9*j**2 - j + 11. Let a(c) = -4*k(c) - 7*q(c). What are the prime factors of a(6)?
2, 13
Let z = 25 - -299. Suppose 5*b = z + 31. What are the prime factors of b?
71
Suppose -4*n + v + 2*v + 23 = 0, -2*n + 5 = 5*v. Let y = 5 + -2. Suppose -n*m + 77 = 3*h - m, m = y*h - 97. List the prime factors of h.
31
Let v(d) = -d**3 + 7*d**2 + 5. Let z be v(7). List the prime factors of (-176)/(-55) + (-1)/z.
3
Let y(n) = -4*n**2 + 2*n + n + n**3 - 6*n - 7. Let u be y(5). Suppose 4*i = -4*b - 0*i + 76, u*b + i = 55. What are the prime factors of b?
2, 3
Suppose -4*h + 7 = 5*z - 4*z, 5*h + 7 = 4*z. List the prime factors of 7 + 2 + z - 1.
11
Let r = 2582 - 1553. List the prime factors of r.
3, 7
Suppose 3*m + 2*m - 1816 = 3*j, 4*m + 4*j - 1472 = 0. Suppose -6*t + m = -11*t. Let k = 114 + t. List the prime factors of k.
41
Suppose -k = -4*x - 13, 3*x = -0*k + 3*k - 39. Suppose -17*g - 32 = -k*g. Let h = 12 - g. List the prime factors of h.
2, 5
Let s = -282 - -940. List the prime factors of s.
2, 7, 47
Suppose -3*o - 2*h + 5 = -1, 0 = 2*o - 2*h + 6. Suppose -2*g - 2 - 6 = o. Let b = 19 + g. What are the prime factors of b?
3, 5
Suppose 4*k - 1509 = -3*b, 7*b = 2*b + 15. List the prime factors of k.
3, 5
Let a(r) = 133*r**2 - 4*r + 1. List the prime factors of a(-3).
2, 5, 11
Let x(u) be the first derivative of -u**3/3 + 9*u**2/2 + 12*u + 7. What are the prime factors of x(10)?
2
Let y(o) = -o - 9. Let h = 7 + -20. What are the prime factors of y(h)?
2
Suppose 5 + 77 = 2*t. Let p = -29 + t. What are the prime factors of p?
2, 3
Let j = 649 + -364. Let d = j + -181. What are the prime factors of d?
2, 13
Suppose 0 = 4*o - 9 - 27. Let v = -7 + o. Suppose v*u = -w + 23, -3*u - u = -5*w + 101. What are the prime factors of w?
3, 7
Let u be (0/(-1))/(20/10). List the prime factors of u + (-3 - -7 - -21).
5
Let l = 7 + -5. Let r = l - -13. Suppose 0 = 3*c - 8*c + r. What are the prime factors of c?
3
Let h(i) = -i**3 - 2*i**2 - 3*i - 2. Suppose 0 = 2*d - 6*d + 4. Let g be (d + 2 + -4)*2. What are the prime factors of h(g)?
2
Suppose 0 = 5*l - 25, 4*m = -3*l - 7 + 42. What are the prime factors of ((-10)/2)/m*-239?
239
Let a